 + -1 + 3 + g?
2
Let m(y) = 2*y**3 + 4*y**2 + 7. Let g be m(-6). Let s = 531 + g. What is the tens digit of s?
5
Let h be (-9)/(-15) - 207/45. Let m(c) = 14*c**2 + 15*c + 6. What is the hundreds digit of m(h)?
1
What is the tens digit of 1824/15 + 3*4/30?
2
Let o = 7 + -2. Suppose 0 = -o*j - 25, 683 = 3*f - 5*j + j. What is the units digit of f?
1
Let f(n) = n**3 - 3*n**2 - 4*n + 3. Let u be f(4). Suppose 0 = -2*o - 14 + 4. What is the units digit of (o/u)/(4/(-12))?
5
Let i(s) be the first derivative of -5/2*s**2 - 4*s - 3*s**3 - 1/4*s**4 + 7. What is the units digit of i(-9)?
1
Suppose 2*a - 378 = -5*p, -2*a + 6*a + 232 = 3*p. Suppose -3*m = 6, -p = j - 2*j - 3*m. What is the units digit of j?
2
Let i(a) = 47*a - 42*a + 3 + 3*a**2 - a**2. Let z be i(-4). Let f = z + -4. What is the tens digit of f?
1
Suppose 0 = -15*m + 11779 + 19901. What is the tens digit of m?
1
Suppose 33 + 51 = 4*p. Let n = -1 - -1. Suppose 5*t - 316 + p = n. What is the tens digit of t?
5
Let u(h) = 2*h + 4*h - 9 - 5*h + 2*h. Let t be u(5). Suppose 60 = 5*s + 5*y, -56 = -t*s + s - y. What is the units digit of s?
1
Suppose 5*z - 13 = -n + 2, -4*n = 5*z - 30. Let v(x) = -6*x - 1. Let j be v(-1). Let c = j + n. What is the units digit of c?
0
Let c(d) = d**2. Let i(w) = -2*w**2 + w - 37. Let l(h) = -3*c(h) - i(h). What is the tens digit of l(0)?
3
Let z = -2535 + 3664. What is the thousands digit of z?
1
Suppose 0 = r + 4*r - 1180. What is the tens digit of r?
3
Suppose 9*w - 4502 = 493. What is the hundreds digit of w?
5
Let c = 771 + -747. What is the units digit of c?
4
Suppose o = -7*o + 16. Suppose u - 103 = -o. What is the hundreds digit of u?
1
Let g(j) = -29*j**3 - 4*j**2 - j + 4. What is the units digit of g(-2)?
2
Let g = -25 - -37. What is the hundreds digit of -4 + 1504/g + 12/18?
1
Let m = 25 + -10. Let w be ((-6)/10)/((-1)/m). Suppose -y = -0*y - w. What is the units digit of y?
9
Let h be 7/3 - (-15)/(-45). Suppose h*c = 2 + 8. Suppose -4*t = c*b + 38 - 212, t - 2*b = 50. What is the units digit of t?
6
Let y(p) = -p**3 + 3*p**2 - 2*p + 3. Let v be y(2). Suppose -v*q - 4*q + 406 = 0. What is the units digit of q?
8
Let j be 4/(-3)*(-1 - 2). Let r be 1/(-3*(-3)/45). Suppose s = -j*x + 63, 0*s + s + r = 0. What is the units digit of x?
7
Suppose -16*x - 8 = -20*x. Suppose -z = -x*d + 544, -3*z = d - z - 277. What is the tens digit of d?
7
What is the tens digit of 174/29*74/4?
1
Let b = -99 + 150. Suppose -370 = -7*i + 2*i. Let d = i - b. What is the tens digit of d?
2
Let g be 13*(5/(-5))/1. Let q(s) = -s**2 + 5*s + 6. Let x be q(-4). Let k = g - x. What is the tens digit of k?
1
Suppose 5*g - i = 21, 0 = -2*g - i + 3*i + 2. Suppose -9 = -3*o, 5*m + g*o - 3*o - 411 = 0. What is the tens digit of m?
8
Let y(j) = -j. Let q be 3/(-15) - (-2)/10. Let m be y(q). Suppose 3*k - 13 - 17 = m. What is the units digit of k?
0
Let m = 18 + -17. Let z be ((-12)/8*-2)/m. What is the units digit of ((-4)/z)/((-8)/276)?
6
Let g(u) = 3*u + 8. Let w be g(6). Let j = 44 - w. Suppose c - 72 + j = 0. What is the tens digit of c?
5
Suppose -3*p + 4*p - 4*s = 823, 4*p = 4*s + 3268. What is the units digit of p?
5
Let w be 24/(-2 + (-52)/(-32)). Let d be (w/(-6))/((-12)/(-108)). Let x = d - 66. What is the tens digit of x?
3
Let k be 0/((-4)/4) - (-194)/2. Let o = k + -42. What is the units digit of o?
5
Let t(g) = -g**2 - 4*g + 10. Let x be t(-4). Suppose 84 = 2*f - 4*n, -f + n - x + 48 = 0. What is the tens digit of f?
3
Let u(t) be the first derivative of t**4/4 - t**2/2 + 24*t - 1. Suppose 0 = 31*o - 40*o. What is the tens digit of u(o)?
2
Let r = 75 - 73. Let l(x) = x**2 - 2. Let p be l(2). What is the units digit of (-2)/r + (p - -1)?
2
Suppose 21 = 2*y + 5*b, 4*y - 11 - 16 = 5*b. Suppose -2*g + y = 2*v, -23 + 4 = -4*v - g. Suppose -3*h = -2*h - v. What is the units digit of h?
5
Suppose 0 = -5*n + 8 + 7. Suppose 0 = n*v + v - 324. What is the units digit of v?
1
Let q = 218 + -120. What is the tens digit of q?
9
Let n(z) = z**3 - 4*z**2 + 8*z - 6. Let x be n(5). Suppose 4*c - 4*j - x = j, 0 = 4*j - 20. What is the tens digit of c?
2
Suppose 0 = -o - 4*n + 12, 5*o + 3*n - 7 = 2. Suppose -y - 3 + 2 = o, 4*s + 3*y + 39 = 0. What is the tens digit of (-2)/((-2)/s)*-2?
1
Suppose -8447 = -14*h + 17831. What is the units digit of h?
7
Suppose -4*a - 3*w + 372 = 0, 2*w + 200 = 16*a - 14*a. What is the tens digit of a?
9
Suppose 4*f - m = -5*m - 64, -2*f - 5*m - 29 = 0. Let k = 68 + f. What is the units digit of k?
1
Let x be 3 - (-7)/(-3) - (-148)/(-6). Let p = x + 153. What is the hundreds digit of p?
1
Let b(t) = 55*t + 216. What is the hundreds digit of b(21)?
3
Let w(i) = i**3 + 16*i**2 + 14*i - 4. Let g be w(-15). Let j(q) = q**2 + 3*q - 5. Let r be j(5). Suppose r = 4*f + g. What is the units digit of f?
6
Let f be (4/2 - -318) + 2/1. Let x = f + -208. What is the units digit of x?
4
Suppose 5*f - 9 = -2*i, 7 = -0*i + i + 5*f. Let p be -19 + i*(-3)/(-2). What is the tens digit of (-322)/p + (-2)/16?
2
Let n be (1/2)/(-2 + (-1786)/(-892)). Suppose -5*m + n = -3*m + l, -2*m = 3*l - 225. What is the units digit of m?
1
Let u(w) = -w**2 + 2*w - 1. Let f be u(0). What is the units digit of (12 - 8) + f + 1?
4
Suppose 364 = 4*z - 4*m, 5*z - 329 = m + 126. Let n = 121 - z. What is the tens digit of n?
3
Let d(o) = o**3 + 3*o**2 - 12*o - 9. Let r be d(-4). Let c(t) = t**2 - 20*t + 67. What is the hundreds digit of c(r)?
1
Let r be -3 + 1 - (-8)/(-1). Let k be (-15)/r - 2/(-4). Suppose -13 - 3 = -k*i. What is the units digit of i?
8
Suppose -2*u + 6*u - 524 = 0. Let g = u + -94. What is the tens digit of g?
3
Suppose 2*f + 23 = 3*f + 4*z, 4*f - z = 75. Let c = 21 - f. What is the tens digit of (-34)/((-2)/c) - 0?
3
Suppose 0 = 7*s - 728 - 11046. What is the units digit of s?
2
Let j(c) be the second derivative of -c**4/12 - c**3/3 + 5*c**2/2 + 3*c. Let x be j(-3). Let a = x + 0. What is the units digit of a?
2
Let k = -552 + 1218. What is the tens digit of k?
6
Let g(c) = c**2 - 2*c - 1. Let n be g(-1). Suppose n = d - 0*d. Suppose -28 = -4*h + 4*q, -3*q = 6*h - d*h - 7. What is the units digit of h?
4
Let q(x) = -x**2 - x + 5. Let v = -6 + 6. Let s be q(v). Suppose 9 = -4*i - s*j + 37, 4*j = -16. What is the tens digit of i?
1
Let x(b) = -1641*b + 3. What is the thousands digit of x(-1)?
1
Let q(x) = -x**2 + 10*x + 3. Let i be q(10). Suppose 0 = 6*z - i*z + 3. Let w(m) = -24*m**3 + m**2. What is the units digit of w(z)?
5
Let t(v) = 11 - 3*v + 13 + v**2 + 10*v - 6. What is the tens digit of t(-8)?
2
Suppose -103*f - 21712 = -121416. What is the hundreds digit of f?
9
Let a = 13 + -17. Let l be (70/(-8))/((-1)/a). Let q = 80 + l. What is the tens digit of q?
4
Let h be (16/(-5))/(4/160). Let a = h - -185. What is the tens digit of a?
5
Let l(n) = n**2 - n - 10. Let y be l(-7). Suppose -y = -h + 34. Suppose -2*x + h + 4 = 2*o, -2*o + 160 = 4*x. What is the units digit of x?
8
Suppose -5*o + 38 = -j, -5*j + 3*j = -4*o + 52. Suppose -c + 5 = 0, -z + 3*c - 5*c = -57. Let f = j + z. What is the tens digit of f?
2
Suppose y + 157 = -0*g - 2*g, 3*g = -5*y - 253. Let o = g + 133. What is the units digit of o?
7
Let m be (-1 - (-15)/25)/((-3)/(-180)). What is the hundreds digit of (-1394)/(-6) - (-8)/m?
2
Let p(v) = -9 + 12*v**2 + 4*v**3 - 5*v**3 + 7*v - 17 + 1. What is the units digit of p(12)?
9
Suppose -47*l = -32*l - 3405. What is the hundreds digit of l?
2
Let z(f) = -f**3 - 10*f**2 + 59*f + 18. What is the units digit of z(-18)?
8
Let o(q) = 8*q**2 - 4*q + 9. Let x be o(4). Suppose -x + 10 = -3*g. What is the units digit of g?
7
Let r be 121 - (-1 - (2 + -2)). Let v be 4 - 2/((-4)/r). Let a = 110 - v. What is the tens digit of a?
4
Let p(g) be the first derivative of -g**4/4 - g**3/3 - g**2/2 + 39*g - 1. Suppose 11*k + 8*k = 0. What is the units digit of p(k)?
9
Suppose 8 = 4*n - 20. Suppose -2*w - n*u + 3*u = -344, 2*w - 2*u - 350 = 0. What is the units digit of w?
4
What is the hundreds digit of 0/(-1) + 3 + (-7 - -386)?
3
Suppose 2 = x - 4*j, -1 = -x + j - 2. What is the units digit of (-8)/10*95/x?
8
What is the hundreds digit of ((-535)/(-3) + 15/(-3))*3?
5
What is the hundreds digit of 122364/270 + (-2)/10?
4
Suppose n = -3*n + 16. What is the tens digit of -4 - (n + -4) - -65